73433684?
2, 29, 317, 1997
List the prime factors of 1893617019.
3, 7, 53, 567121
List the prime factors of 74343104.
2, 11, 105601
What are the prime factors of 648174914?
2, 23, 877, 16067
What are the prime factors of 2979613590?
2, 3, 5, 6793, 14621
What are the prime factors of 25386005?
5, 5077201
What are the prime factors of 26235948?
2, 3, 151, 14479
What are the prime factors of 2564081560?
2, 5, 499, 128461
List the prime factors of 38361648.
2, 3, 13, 4729
What are the prime factors of 21962581?
21962581
What are the prime factors of 342531547?
103, 3325549
List the prime factors of 162113996.
2, 11, 631, 5839
What are the prime factors of 173240797?
1867, 92791
List the prime factors of 1693790842.
2, 1429, 592649
List the prime factors of 3814656619.
19, 7411, 27091
List the prime factors of 6857050287.
3, 101, 22630529
What are the prime factors of 152438880?
2, 3, 5, 11, 28871
List the prime factors of 41693801.
97, 229, 1877
List the prime factors of 197703134.
2, 5869, 16843
What are the prime factors of 488918608?
2, 31, 985723
What are the prime factors of 2341676017?
37, 63288541
List the prime factors of 7397831706.
2, 3, 1232971951
What are the prime factors of 96218363?
2273, 42331
List the prime factors of 448855299.
3, 2399, 20789
What are the prime factors of 95405490?
2, 3, 5, 1060061
List the prime factors of 41826014.
2, 43, 486349
What are the prime factors of 163623854?
2, 81811927
What are the prime factors of 372885496?
2, 3671, 12697
List the prime factors of 10707461.
10707461
What are the prime factors of 674460569?
29, 149, 156089
What are the prime factors of 235279569?
3, 7, 179, 62591
What are the prime factors of 806214942?
2, 3, 13, 347, 9929
List the prime factors of 1959092301.
3, 653030767
What are the prime factors of 82683751?
101, 467, 1753
What are the prime factors of 711561896?
2, 88945237
List the prime factors of 135879697.
19, 1511, 4733
List the prime factors of 1531276111.
173, 8851307
List the prime factors of 1223093774.
2, 7, 739, 118219
List the prime factors of 159230101.
41, 743, 5227
List the prime factors of 1586236043.
7, 226605149
List the prime factors of 379965274.
2, 13, 661, 22109
What are the prime factors of 40684383?
3, 17, 151, 587
What are the prime factors of 77020825?
5, 7, 103, 4273
What are the prime factors of 79896515?
5, 17, 157, 5987
List the prime factors of 42793609.
31, 1380439
List the prime factors of 13580992.
2, 212203
What are the prime factors of 57837281?
17, 29, 67, 103
What are the prime factors of 57196497?
3, 29, 657431
What are the prime factors of 18716723?
3607, 5189
What are the prime factors of 227176532?
2, 11, 131, 3583
List the prime factors of 82539654.
2, 3, 13756609
List the prime factors of 1367894839.
12757, 107227
List the prime factors of 38992294.
2, 11, 19, 93283
What are the prime factors of 1320519855?
3, 5, 19, 4633403
What are the prime factors of 100221522?
2, 3, 16703587
List the prime factors of 262572676.
2, 113, 580913
What are the prime factors of 86255564?
2, 21563891
What are the prime factors of 38130465?
3, 5, 31, 43, 1907
What are the prime factors of 3556271162?
2, 1778135581
What are the prime factors of 2721032?
2, 340129
What are the prime factors of 682373149?
17, 43, 933479
What are the prime factors of 914914614?
2, 3, 37, 67, 61511
List the prime factors of 76557553.
76557553
What are the prime factors of 58363363?
17, 3433139
List the prime factors of 36349250.
2, 5, 7, 20771
What are the prime factors of 1515123500?
2, 5, 11, 83, 3319
What are the prime factors of 1854709323?
3, 31, 37, 539003
What are the prime factors of 96217306?
2, 48108653
List the prime factors of 825864937.
751, 1099687
List the prime factors of 49132755.
3, 5, 7, 61, 2557
List the prime factors of 1624497800.
2, 5, 97, 83737
What are the prime factors of 1170263042?
2, 13, 29, 137, 11329
What are the prime factors of 1600674230?
2, 5, 10709, 14947
What are the prime factors of 6279566273?
41, 2699, 56747
List the prime factors of 3681145497.
3, 151, 8126149
What are the prime factors of 2799465485?
5, 757, 739621
List the prime factors of 2673008596.
2, 199, 571, 5881
List the prime factors of 122434729.
122434729
What are the prime factors of 46146648?
2, 3, 23, 41, 2039
What are the prime factors of 246946211?
19, 59, 220291
What are the prime factors of 2712742552?
2, 13, 439, 59417
List the prime factors of 1009511000.
2, 5, 17, 43, 1381
List the prime factors of 276981326.
2, 138490663
List the prime factors of 49303384.
2, 13, 36467
What are the prime factors of 933637950?
2, 3, 5, 7, 83, 3571
What are the prime factors of 1068288474?
2, 3, 11, 43, 47, 8009
List the prime factors of 446951735.
5, 127, 703861
What are the prime factors of 720132999?
3, 61, 3935153
What are the prime factors of 2529600010?
2, 5, 7, 277, 18637
List the prime factors of 156715116.
2, 3, 19, 89, 7723
What are the prime factors of 2334148430?
2, 5, 71, 3287533
List the prime factors of 28313538.
2, 3, 11, 271, 1583
What are the prime factors of 290863407?
3, 96954469
What are the prime factors of 276411482?
2, 43, 3214087
List the prime factors of 27776759.
17, 463, 3529
What are the prime factors of 35337021?
3, 113, 104239
List the prime factors of 133958634.
2, 3, 1559, 14321
List the prime factors of 28904760.
2, 3, 5, 17, 4723
What are the prime factors of 904439002?
2, 2521, 179381
What are the prime factors of 1338476018?
2, 11, 67, 908057
List the prime factors of 2220410790.
2, 3, 5, 13, 1897787
What are the prime factors of 181127554?
2, 17, 1061, 5021
What are the prime factors of 867298659?
3, 4723, 61211
List the prime factors of 27572502.
2, 3, 257, 17881
What are the prime factors of 329790943?
59, 5589677
What are the prime factors of 278152003?
53, 5248151
What are the prime factors of 522499281?
3, 53, 62003
What are the prime factors of 479165389?
19, 1019, 24749
What are the prime factors of 18449207?
7, 211, 12491
What are the prime factors of 5426722914?
2, 3, 419, 2158601
What are the prime factors of 3444744397?
31, 181, 757, 811
List the prime factors of 1753683575.
5, 7, 10021049
List the prime factors of 81126903.
3, 11, 13, 19, 37, 269
List the prime factors of 39679502.
2, 19839751
List the prime factors of 1488432778.
2, 7, 106316627
List the prime factors of 45663291.
3, 37, 43, 1063
List the prime factors of 266934724.
2, 7, 19, 37, 71, 191
List the prime factors of 602739494.
2, 7, 878629
List the prime factors of 90418267.
23, 59, 2897
List the prime factors of 400559054.
2, 7, 53, 539837
What are the prime factors of 106718737?
383, 278639
List the prime factors of 261665661.
3, 61, 1429867
List the prime factors of 477063845.
5, 95412769
What are the prime factors of 109402743?
3, 23, 1585547
List the prime factors of 527730932.
2, 17, 83, 93503
List the prime factors of 31444700.
2, 5, 7, 29, 1549
List the prime factors of 1121428912.
2, 241, 290827
List the prime factors of 618415275.
3, 5, 907, 9091
List the prime factors of 4790129778.
2, 3, 7, 149, 85049
What are the prime factors of 4181759760?
2, 3, 5, 653, 26683
What are the prime factors of 3585785822?
2, 271, 1951, 3391
What are the prime factors of 53313374?
2, 37, 67, 10753
List the prime factors of 14435774.
2, 7217887
List the prime factors of 46429311.
3, 15476437
List the prime factors of 2484819736.
2, 7, 44371781
What are the prime factors of 1093653701?
7, 43, 3633401
What are the prime factors of 35658544?
2, 2228659
What are the prime factors of 795946019?
11, 72358729
List the prime factors of 44019671.
151, 291521
What are the prime factors of 402876846?
2, 3, 17, 1316591
What are the prime factors of 30468542?
2, 13, 1171867
List the prime factors of 39940275.
3, 5, 532537
List the prime factors of 16793816.
2, 13, 31, 5209
List the prime factors of 540373082.
2, 270186541
List the prime factors of 37388829.
3, 47, 265169
What are the prime factors of 534307455?
3, 5, 11, 19, 29, 653
List the prime factors of 30321487.
7, 4331641
List the prime factors of 63904143.
3, 23, 37, 25031
List the prime factors of 56626483.
23, 61, 40361
List the prime factors of 68946450.
2, 3, 5, 419, 1097
What are the prime factors of 36439864?
2, 4554983